{"id":5416,"date":"2023-05-09T14:36:48","date_gmt":"2023-05-09T13:36:48","guid":{"rendered":"https:\/\/hestiastyle.com\/hestia\/?post_type=product&#038;p=5416"},"modified":"2023-05-09T14:41:42","modified_gmt":"2023-05-09T13:41:42","slug":"acrylic-box-neon-welcome","status":"publish","type":"product","link":"https:\/\/hestiastyle.com\/hestia\/producto\/acrylic-box-neon-welcome\/","title":{"rendered":"Acrylic box neon- Welcome"},"content":{"rendered":"<p>Acrylic box neon -Welcome<br \/>\nDimensiones:38 x 19 x 10.5 cm \/ 15 x 7.5 x 4.1 in<\/p>\n","protected":false},"excerpt":{"rendered":"<p>El letrero de ne\u00f3n \u00abWelcome\u00bb aporta un brillo aut\u00e9ntico y fresco a su hogar. Un divertido estilo retro. Es una pieza de iluminaci\u00f3n imprescindible que tambi\u00e9n es un regalo fabuloso.<\/p>\n<p>Disponible en tubo de ne\u00f3n de cristal blanco<br \/>\nEncapsulado en una bonita caja acr\u00edlica brillante para facilitar el montaje<br \/>\nBase de espejo para reflejar el brillo del ne\u00f3n<br \/>\nHechos a mano por expertos artesanos, cada uno de ellos es \u00fanico<br \/>\nEficiencia energ\u00e9tica (12 &#8211; 24 W): cuestan lo mismo que una l\u00e1mpara dom\u00e9stica normal.<br \/>\nLarga vida &#8211; \u00a1Durar\u00e1 a\u00f1os y a\u00f1os y a\u00f1os!<\/p>\n","protected":false},"featured_media":5418,"template":"","meta":[],"product_cat":[74,54],"product_tag":[],"class_list":{"0":"post-5416","1":"product","2":"type-product","3":"status-publish","4":"has-post-thumbnail","6":"product_cat-hestia-tienda-online","7":"product_cat-iluminacion","8":"product_shipping_class-clase-de-envio-hestia","10":"first","11":"instock","12":"taxable","13":"shipping-taxable","14":"purchasable","15":"product-type-simple"},"_links":{"self":[{"href":"https:\/\/hestiastyle.com\/hestia\/wp-json\/wp\/v2\/product\/5416"}],"collection":[{"href":"https:\/\/hestiastyle.com\/hestia\/wp-json\/wp\/v2\/product"}],"about":[{"href":"https:\/\/hestiastyle.com\/hestia\/wp-json\/wp\/v2\/types\/product"}],"wp:featuredmedia":[{"embeddable":true,"href":"https:\/\/hestiastyle.com\/hestia\/wp-json\/wp\/v2\/media\/5418"}],"wp:attachment":[{"href":"https:\/\/hestiastyle.com\/hestia\/wp-json\/wp\/v2\/media?parent=5416"}],"wp:term":[{"taxonomy":"product_cat","embeddable":true,"href":"https:\/\/hestiastyle.com\/hestia\/wp-json\/wp\/v2\/product_cat?post=5416"},{"taxonomy":"product_tag","embeddable":true,"href":"https:\/\/hestiastyle.com\/hestia\/wp-json\/wp\/v2\/product_tag?post=5416"}],"curies":[{"name":"wp","href":"https:\/\/api.w.org\/{rel}","templated":true}]}}