{"id":5101,"date":"2023-03-02T15:17:08","date_gmt":"2023-03-02T14:17:08","guid":{"rendered":"https:\/\/hestiastyle.com\/hestia\/?post_type=product&#038;p=5101"},"modified":"2023-03-02T15:21:38","modified_gmt":"2023-03-02T14:21:38","slug":"dining-chair-clubhouse","status":"publish","type":"product","link":"https:\/\/hestiastyle.com\/hestia\/producto\/dining-chair-clubhouse\/","title":{"rendered":"Dining chair Clubhouse"},"content":{"rendered":"<p>Dining chair Clubhouse<\/p>\n<p>Dimensiones: 61 x56 x 73 x 44 x 45 cm<\/p>\n<p>&nbsp;<\/p>\n","protected":false},"excerpt":{"rendered":"<p>Decore su comedor en un estilo contempor\u00e1neo con la silla de comedor Clubhouse. Esta silla ultraelegante tiene una estructura llena de estilo con un acabado de lat\u00f3n cepillado y un respaldo que se integra perfectamente en los reposabrazos. El c\u00f3modo asiento y el respaldo tienen un tapizado boucl\u00e9 de color crema y permiten a sus invitados estar c\u00f3modamente sentados durante largos periodos de tiempo.<\/p>\n","protected":false},"featured_media":5102,"template":"","meta":[],"product_cat":[74,52],"product_tag":[],"class_list":{"0":"post-5101","1":"product","2":"type-product","3":"status-publish","4":"has-post-thumbnail","6":"product_cat-hestia-tienda-online","7":"product_cat-muebles","8":"product_shipping_class-clase-de-envio-hestia","10":"first","11":"instock","12":"taxable","13":"shipping-taxable","14":"purchasable","15":"product-type-simple"},"_links":{"self":[{"href":"https:\/\/hestiastyle.com\/hestia\/wp-json\/wp\/v2\/product\/5101"}],"collection":[{"href":"https:\/\/hestiastyle.com\/hestia\/wp-json\/wp\/v2\/product"}],"about":[{"href":"https:\/\/hestiastyle.com\/hestia\/wp-json\/wp\/v2\/types\/product"}],"wp:featuredmedia":[{"embeddable":true,"href":"https:\/\/hestiastyle.com\/hestia\/wp-json\/wp\/v2\/media\/5102"}],"wp:attachment":[{"href":"https:\/\/hestiastyle.com\/hestia\/wp-json\/wp\/v2\/media?parent=5101"}],"wp:term":[{"taxonomy":"product_cat","embeddable":true,"href":"https:\/\/hestiastyle.com\/hestia\/wp-json\/wp\/v2\/product_cat?post=5101"},{"taxonomy":"product_tag","embeddable":true,"href":"https:\/\/hestiastyle.com\/hestia\/wp-json\/wp\/v2\/product_tag?post=5101"}],"curies":[{"name":"wp","href":"https:\/\/api.w.org\/{rel}","templated":true}]}}