{"id":5032,"date":"2023-02-20T13:40:42","date_gmt":"2023-02-20T12:40:42","guid":{"rendered":"https:\/\/hestiastyle.com\/hestia\/?post_type=product&#038;p=5032"},"modified":"2023-02-20T13:53:34","modified_gmt":"2023-02-20T12:53:34","slug":"coffee-table-vauclair","status":"publish","type":"product","link":"https:\/\/hestiastyle.com\/hestia\/producto\/coffee-table-vauclair\/","title":{"rendered":"Coffee table Vauclair"},"content":{"rendered":"<p>Coffee table Valcuair<\/p>\n<p>Dimensiones: 220 x 78 x H. 38 cm<\/p>\n","protected":false},"excerpt":{"rendered":"<p>D\u00e9jese seducir por el atractivo gr\u00e1fico de la mesa de centro Vauclair. Suave y elegante, esta pieza es el complemento perfecto para un interior moderno, contempor\u00e1neo o industrial. Formada por un enrejado met\u00e1lico en acabado lat\u00f3n cepillado, su distintivo tablero descansa sobre una s\u00f3lida base negra.<\/p>\n","protected":false},"featured_media":5033,"template":"","meta":[],"product_cat":[74,52],"product_tag":[],"class_list":{"0":"post-5032","1":"product","2":"type-product","3":"status-publish","4":"has-post-thumbnail","6":"product_cat-hestia-tienda-online","7":"product_cat-muebles","8":"product_shipping_class-clase-de-envio-hestia","10":"first","11":"instock","12":"taxable","13":"shipping-taxable","14":"purchasable","15":"product-type-simple"},"_links":{"self":[{"href":"https:\/\/hestiastyle.com\/hestia\/wp-json\/wp\/v2\/product\/5032"}],"collection":[{"href":"https:\/\/hestiastyle.com\/hestia\/wp-json\/wp\/v2\/product"}],"about":[{"href":"https:\/\/hestiastyle.com\/hestia\/wp-json\/wp\/v2\/types\/product"}],"wp:featuredmedia":[{"embeddable":true,"href":"https:\/\/hestiastyle.com\/hestia\/wp-json\/wp\/v2\/media\/5033"}],"wp:attachment":[{"href":"https:\/\/hestiastyle.com\/hestia\/wp-json\/wp\/v2\/media?parent=5032"}],"wp:term":[{"taxonomy":"product_cat","embeddable":true,"href":"https:\/\/hestiastyle.com\/hestia\/wp-json\/wp\/v2\/product_cat?post=5032"},{"taxonomy":"product_tag","embeddable":true,"href":"https:\/\/hestiastyle.com\/hestia\/wp-json\/wp\/v2\/product_tag?post=5032"}],"curies":[{"name":"wp","href":"https:\/\/api.w.org\/{rel}","templated":true}]}}