{"id":4805,"date":"2023-02-14T15:01:09","date_gmt":"2023-02-14T14:01:09","guid":{"rendered":"https:\/\/hestiastyle.com\/hestia\/?post_type=product&#038;p=4805"},"modified":"2023-02-17T12:45:50","modified_gmt":"2023-02-17T11:45:50","slug":"baobab-collection-cyprium","status":"publish","type":"product","link":"https:\/\/hestiastyle.com\/hestia\/producto\/baobab-collection-cyprium\/","title":{"rendered":"Baobab Collection &#8211; Cyprium"},"content":{"rendered":"<p>Les Exclusives, Cyprium<\/p>\n<p>S\u00e1ndalo<span class=\"fragrance_divider\">&#8211;<\/span>Lirio<span class=\"fragrance_divider\">&#8211;<\/span>Papyrus<\/p>\n","protected":false},"excerpt":{"rendered":"<div class=\"template-page content av-content-full alpha units\">\n<div class=\"post-entry post-entry-type-page post-entry-3532\">\n<div class=\"entry-content-wrapper clearfix\">\n<div class=\"flex_column av-dmkebw-f4b2298ddd0edbc4c3fbf8a3e5649c11 av_two_third avia-builder-el-1 el_after_av_slideshow_full el_before_av_one_third avia-builder-el-first first flex_column_div \">\n<section class=\"av_textblock_section av-ctt5t8-9df68a39f85e62783263f8dcfd2d068c\">\n<div class=\"avia_textblock\">\n<h1 class=\"main-title entry-title\">Les Exclusives, Cyprium<\/h1>\n<p>S\u00e1ndalo<span class=\"fragrance_divider\">&#8211;<\/span>Lirio<span class=\"fragrance_divider\">&#8211;<\/span>Papyrus<\/p>\n<p>La vela perfumada Cyprium est\u00e1 exquisitamente recubierta con una aleaci\u00f3n de color cobrizo con efecto de espejo. Los delicados adornos permiten ver la llama a trav\u00e9s del cristal transparente y la convierten en un objeto decorativo extraordinario.<\/p>\n<\/div>\n<\/section>\n<\/div>\n<\/div>\n<\/div>\n<\/div>\n","protected":false},"featured_media":3935,"template":"","meta":[],"product_cat":[74,51],"product_tag":[],"class_list":{"0":"post-4805","1":"product","2":"type-product","3":"status-publish","4":"has-post-thumbnail","6":"product_cat-hestia-tienda-online","7":"product_cat-baobab-collection","8":"product_shipping_class-clase-de-envio-hestia","10":"first","11":"instock","12":"taxable","13":"shipping-taxable","14":"purchasable","15":"product-type-variable"},"_links":{"self":[{"href":"https:\/\/hestiastyle.com\/hestia\/wp-json\/wp\/v2\/product\/4805"}],"collection":[{"href":"https:\/\/hestiastyle.com\/hestia\/wp-json\/wp\/v2\/product"}],"about":[{"href":"https:\/\/hestiastyle.com\/hestia\/wp-json\/wp\/v2\/types\/product"}],"wp:featuredmedia":[{"embeddable":true,"href":"https:\/\/hestiastyle.com\/hestia\/wp-json\/wp\/v2\/media\/3935"}],"wp:attachment":[{"href":"https:\/\/hestiastyle.com\/hestia\/wp-json\/wp\/v2\/media?parent=4805"}],"wp:term":[{"taxonomy":"product_cat","embeddable":true,"href":"https:\/\/hestiastyle.com\/hestia\/wp-json\/wp\/v2\/product_cat?post=4805"},{"taxonomy":"product_tag","embeddable":true,"href":"https:\/\/hestiastyle.com\/hestia\/wp-json\/wp\/v2\/product_tag?post=4805"}],"curies":[{"name":"wp","href":"https:\/\/api.w.org\/{rel}","templated":true}]}}