{"id":4712,"date":"2023-02-13T15:17:20","date_gmt":"2023-02-13T14:17:20","guid":{"rendered":"https:\/\/hestiastyle.com\/hestia\/?post_type=product&#038;p=4712"},"modified":"2023-02-15T11:52:03","modified_gmt":"2023-02-15T10:52:03","slug":"chandelier-argento-l","status":"publish","type":"product","link":"https:\/\/hestiastyle.com\/hestia\/producto\/chandelier-argento-l\/","title":{"rendered":"Chandelier Argento L"},"content":{"rendered":"<p>Chandelier Argento L<\/p>\n<p>Dimensiones:\u00f8 130 x min. H. 93,5 cm<\/p>\n","protected":false},"excerpt":{"rendered":"<p>Crea un espacio retro-chic en su sala de estar con la l\u00e1mpara de ara\u00f1a Argento L. Esta interpretaci\u00f3n asim\u00e9trica de la iluminaci\u00f3n de dise\u00f1o Mid Century moderno mejora al instante la atm\u00f3sfera de su habitaci\u00f3n. Se caracteriza por su acabado niquelado y las doce esferas de vidrio transparente soplado a mano.<\/p>\n","protected":false},"featured_media":4713,"template":"","meta":[],"product_cat":[74,54],"product_tag":[],"class_list":{"0":"post-4712","1":"product","2":"type-product","3":"status-publish","4":"has-post-thumbnail","6":"product_cat-hestia-tienda-online","7":"product_cat-iluminacion","8":"product_shipping_class-clase-de-envio-hestia","10":"first","11":"instock","12":"taxable","13":"shipping-taxable","14":"purchasable","15":"product-type-simple"},"_links":{"self":[{"href":"https:\/\/hestiastyle.com\/hestia\/wp-json\/wp\/v2\/product\/4712"}],"collection":[{"href":"https:\/\/hestiastyle.com\/hestia\/wp-json\/wp\/v2\/product"}],"about":[{"href":"https:\/\/hestiastyle.com\/hestia\/wp-json\/wp\/v2\/types\/product"}],"wp:featuredmedia":[{"embeddable":true,"href":"https:\/\/hestiastyle.com\/hestia\/wp-json\/wp\/v2\/media\/4713"}],"wp:attachment":[{"href":"https:\/\/hestiastyle.com\/hestia\/wp-json\/wp\/v2\/media?parent=4712"}],"wp:term":[{"taxonomy":"product_cat","embeddable":true,"href":"https:\/\/hestiastyle.com\/hestia\/wp-json\/wp\/v2\/product_cat?post=4712"},{"taxonomy":"product_tag","embeddable":true,"href":"https:\/\/hestiastyle.com\/hestia\/wp-json\/wp\/v2\/product_tag?post=4712"}],"curies":[{"name":"wp","href":"https:\/\/api.w.org\/{rel}","templated":true}]}}