{"id":4563,"date":"2023-02-01T12:54:18","date_gmt":"2023-02-01T11:54:18","guid":{"rendered":"https:\/\/hestiastyle.com\/hestia\/?post_type=product&#038;p=4563"},"modified":"2023-02-01T12:57:24","modified_gmt":"2023-02-01T11:57:24","slug":"bandeja-efecto-piel-blanca-2","status":"publish","type":"product","link":"https:\/\/hestiastyle.com\/hestia\/producto\/bandeja-efecto-piel-blanca-2\/","title":{"rendered":"Bandeja efecto piel blanca"},"content":{"rendered":"<p>Bandeja efecto piel blanca<br \/>\nDimensiones: 18x18x3cm<\/p>\n","protected":false},"excerpt":{"rendered":"<p>El orden es el mejor aliado de un hogar tranquilo y agradable, y hay algunas piezas que ayudan a mantenerlo. Una de ellas son las bandejas vaciabolsillos, esa bandejita de la consola del recibidor o de la oficina donde se dejan todas esas cosas que, en realidad no se guardan en ning\u00fan sitio: llaves, monedas, etc.<br \/>\nEsta bandeja vaciabolsillos efecto piel es el recurso perfecto para colocar en la entrada, encima de la consola, en la mesa del despacho o bien en la mesita de noche. \u00bfLa clave? Tenerla en un lugar donde se necesite un espacio donde depositar objetos peque\u00f1os que se usen continuamente. Su acabado en color blanco combina a la perfecci\u00f3n con todo tipo de decoraci\u00f3n. Se trata de una pieza funcional que aporta una nota de elegancia y sofisticaci\u00f3n a la zona de trabajo o en cualquier rinc\u00f3n de la casa donde la coloquemos.<\/p>\n","protected":false},"featured_media":4564,"template":"","meta":[],"product_cat":[74,50],"product_tag":[],"class_list":{"0":"post-4563","1":"product","2":"type-product","3":"status-publish","4":"has-post-thumbnail","6":"product_cat-hestia-tienda-online","7":"product_cat-accesorios","8":"product_shipping_class-clase-de-envio-hestia","10":"first","11":"instock","12":"taxable","13":"shipping-taxable","14":"purchasable","15":"product-type-simple"},"_links":{"self":[{"href":"https:\/\/hestiastyle.com\/hestia\/wp-json\/wp\/v2\/product\/4563"}],"collection":[{"href":"https:\/\/hestiastyle.com\/hestia\/wp-json\/wp\/v2\/product"}],"about":[{"href":"https:\/\/hestiastyle.com\/hestia\/wp-json\/wp\/v2\/types\/product"}],"wp:featuredmedia":[{"embeddable":true,"href":"https:\/\/hestiastyle.com\/hestia\/wp-json\/wp\/v2\/media\/4564"}],"wp:attachment":[{"href":"https:\/\/hestiastyle.com\/hestia\/wp-json\/wp\/v2\/media?parent=4563"}],"wp:term":[{"taxonomy":"product_cat","embeddable":true,"href":"https:\/\/hestiastyle.com\/hestia\/wp-json\/wp\/v2\/product_cat?post=4563"},{"taxonomy":"product_tag","embeddable":true,"href":"https:\/\/hestiastyle.com\/hestia\/wp-json\/wp\/v2\/product_tag?post=4563"}],"curies":[{"name":"wp","href":"https:\/\/api.w.org\/{rel}","templated":true}]}}