{"id":4162,"date":"2022-11-28T11:45:41","date_gmt":"2022-11-28T10:45:41","guid":{"rendered":"https:\/\/hestiastyle.com\/hestia\/?post_type=product&#038;p=4162"},"modified":"2023-01-29T01:25:59","modified_gmt":"2023-01-29T00:25:59","slug":"wonder-times-lamp","status":"publish","type":"product","link":"https:\/\/hestiastyle.com\/hestia\/producto\/wonder-times-lamp\/","title":{"rendered":"Wonder times lamp"},"content":{"rendered":"<p>L\u00e1mpara busto resina blanca<\/p>\n<p>Dimensiones aproximadas:21&#215;12,5 cm Altura:40,5cm<\/p>\n","protected":false},"excerpt":{"rendered":"<div class=\"template-page content av-content-full alpha units\">\n<div class=\"post-entry post-entry-type-page post-entry-3532\">\n<div class=\"entry-content-wrapper clearfix\">\n<div class=\"flex_column av-dmkebw-f4b2298ddd0edbc4c3fbf8a3e5649c11 av_two_third avia-builder-el-1 el_after_av_slideshow_full el_before_av_one_third avia-builder-el-first first flex_column_div \">\n<section class=\"av_textblock_section av-ctt5t8-9df68a39f85e62783263f8dcfd2d068c\">\n<div class=\"avia_textblock\">\n<h1 class=\"main-title entry-title\">L\u00e1mpara busto resina blanca<\/h1>\n<p>\u00bfQu\u00e9 pasar\u00eda si de repente un guerrero cl\u00e1sico hace una bola de chicle y se pregunta por lo que est\u00e1 haciendo?<\/p>\n<p>Dimensiones aproximadas:21&#215;12,5cm Altura:40,5cm<\/p>\n<p>Cable 2,5m<\/p>\n<h1 class=\"main-title entry-title\"><\/h1>\n<\/div>\n<\/section>\n<\/div>\n<\/div>\n<\/div>\n<\/div>\n","protected":false},"featured_media":4165,"template":"","meta":[],"product_cat":[74,50],"product_tag":[],"class_list":{"0":"post-4162","1":"product","2":"type-product","3":"status-publish","4":"has-post-thumbnail","6":"product_cat-hestia-tienda-online","7":"product_cat-accesorios","8":"product_shipping_class-clase-de-envio-hestia","10":"first","11":"instock","12":"taxable","13":"shipping-taxable","14":"purchasable","15":"product-type-simple"},"_links":{"self":[{"href":"https:\/\/hestiastyle.com\/hestia\/wp-json\/wp\/v2\/product\/4162"}],"collection":[{"href":"https:\/\/hestiastyle.com\/hestia\/wp-json\/wp\/v2\/product"}],"about":[{"href":"https:\/\/hestiastyle.com\/hestia\/wp-json\/wp\/v2\/types\/product"}],"wp:featuredmedia":[{"embeddable":true,"href":"https:\/\/hestiastyle.com\/hestia\/wp-json\/wp\/v2\/media\/4165"}],"wp:attachment":[{"href":"https:\/\/hestiastyle.com\/hestia\/wp-json\/wp\/v2\/media?parent=4162"}],"wp:term":[{"taxonomy":"product_cat","embeddable":true,"href":"https:\/\/hestiastyle.com\/hestia\/wp-json\/wp\/v2\/product_cat?post=4162"},{"taxonomy":"product_tag","embeddable":true,"href":"https:\/\/hestiastyle.com\/hestia\/wp-json\/wp\/v2\/product_tag?post=4162"}],"curies":[{"name":"wp","href":"https:\/\/api.w.org\/{rel}","templated":true}]}}